 = -5*y - 4*w + c, -2*y = 2*y + 5*w - 54. List the prime factors of y.
11
Let x = -28 - -49. Suppose 0*q + 2*q - 124 = 0. Suppose -2*p - x = -s, 4*s - q = p - 4*p. List the prime factors of s.
17
Let g = 192 - 66. Let w = g + -89. Let d = w - 1. What are the prime factors of d?
2, 3
Let y(j) = -j**3 - 9*j**2 - 10*j + 6. Suppose 0 = -3*n - 0*n - 24. Let a be y(n). Suppose -5*t + a = -2*z, -4*t + t + 3*z = -6. What are the prime factors of t?
2, 3
Let t be 3 - 32/4 - 1. Let i be (0 - -3)/t*-4. Suppose 0 = h - 36 - i. What are the prime factors of h?
2, 19
Let z(i) = 37*i - 77. What are the prime factors of z(16)?
5, 103
Suppose 3*o = 3*r + 12, 4*o = r + 10 + 3. Let a(p) = 4*p**2 - p - 4. List the prime factors of a(o).
29
Let s(a) = 2*a**3 - 2*a**2 - 24*a + 1. What are the prime factors of s(7)?
421
Suppose 48*h - 82*h = -74460. List the prime factors of h.
2, 3, 5, 73
Suppose 3517 = 2*z - 3*d, -3*d + 5994 + 2809 = 5*z. What are the prime factors of z?
2, 5, 11
Let x(l) = l**3 - 6*l**2 + 5*l + 6. Suppose -6*d = -d - 25. List the prime factors of x(d).
2, 3
Suppose f - 3 - 1 = 0. Suppose -5*m + 0*p + 65 = 3*p, 0 = -5*p + 25. List the prime factors of 648/20 - f/m.
2
Suppose -3*h - 2*o + 120 = -0*h, 2*h - 3*o = 80. List the prime factors of (-18)/(-4)*h/12.
3, 5
Let f(j) = 17*j**2 - 18*j - 57. Let s be f(-6). Let x = s + -432. List the prime factors of x.
3, 7, 11
What are the prime factors of (-13422)/12*(6 + -8)?
2237
Let y be -1 + 4 - (-27)/9. Let a be (0 - (-8)/(-12))*y. List the prime factors of -1 - -54 - (0 - a).
7
Let i = 2 + -5. Let d = -762 - -766. List the prime factors of (i/d)/((-4)/16).
3
List the prime factors of 18*(-5)/(-20)*356/2.
3, 89
Let f(q) be the first derivative of q**2/2 + 8*q + 10. Let t be f(-7). Suppose -10 = -v - t. What are the prime factors of v?
3
Suppose 0*j + 11*j = 1782. List the prime factors of j.
2, 3
Suppose c + 4*c = -2*q + 9, -2*q + 11 = 3*c. Let n(f) = -19*f + 9*f**2 + 23*f - f**3 - 13*f + 10. List the prime factors of n(q).
3, 5
Let m be (1 + -1)*2/6. Let r be -4 + 1 + 24 - m. Let p = r - 16. List the prime factors of p.
5
Suppose -2490 = -5*t + c, -5*t = -3*t - 4*c - 996. Suppose 2*b - 5*b + t = 0. List the prime factors of b.
2, 83
Let t = 2190 - 937. List the prime factors of t.
7, 179
Let y be (5 + -3)*-1 - 112. Let i = y + 124. List the prime factors of i.
2, 5
List the prime factors of -4 - 385/((-5)/1).
73
Suppose 4*f - 24 = -0*f. Suppose -f = -j + 6. Suppose 7*r = j*r - 260. List the prime factors of r.
2, 13
What are the prime factors of (-1 - 5) + 2591 + 7?
2, 3
Let s(o) = 7*o + 4. Let u be s(7). Let p(t) = -7*t**3 + u*t**3 + 3*t**3 + 1. What are the prime factors of p(1)?
2, 5
Let v = 13881 + -9307. What are the prime factors of v?
2, 2287
Let q = 76 + -27. Let a = q - -54. What are the prime factors of a?
103
Let i = 721 + -222. What are the prime factors of i?
499
Let m = 33 - 23. What are the prime factors of -135*m/25*-1?
2, 3
Let v(r) be the third derivative of r**5/12 + r**4/6 + 8*r**2. What are the prime factors of v(4)?
2, 3
Suppose 29*u - 31*u = 0. Suppose u = -q + 5*q - 260. List the prime factors of q.
5, 13
List the prime factors of (128/4)/(9*(-3)/(-1998)).
2, 37
Suppose -10*j + 9367 = 1417. List the prime factors of j.
3, 5, 53
What are the prime factors of 1/((-6)/8 + 860/1136)?
2, 71
Let m = -30 - -38. Suppose 0 = -m*p + 5*p + 6. List the prime factors of p.
2
Let h = -453 - -686. What are the prime factors of h?
233
Suppose -4*b - 299 = 29. Let l = b + 222. What are the prime factors of l?
2, 5, 7
Let o(d) = 4*d**2 + 37*d - 21. List the prime factors of o(-37).
2, 3, 227
Suppose 23 = -b + 6*b + 4*m, 3*m = 4*b - 6. Suppose 0 = 4*s - 5 - b. Suppose -10 = -5*i, j + 0 = -s*i + 13. List the prime factors of j.
3
Let q = 27 - 29. Let v(w) = -47*w + 5. List the prime factors of v(q).
3, 11
Let p(k) = k**3 + 5*k**2 - 8*k + 1. Let t be p(-6). Suppose 0 = t*z - 245 + 24. What are the prime factors of z?
17
Let l(v) = -v - 1. Let j be -2*3/6*1. Let x(d) = -d + 2. Let k(w) = j*x(w) + 5*l(w). What are the prime factors of k(-6)?
17
Let m = 89 - -21. What are the prime factors of m?
2, 5, 11
Suppose -2489 - 4294 = -17*c. Suppose j = -2*j + c. List the prime factors of j.
7, 19
Suppose 5*s = 3*p - 4841, -4*s - 4846 = -2*p - p. List the prime factors of p.
2, 811
Let p be (2 + 0)*(-20)/(-8). Suppose p*u - u + 3*a - 15 = 0, a + 3 = 0. List the prime factors of 2/(-6) + 146/u.
2, 3
Let l(b) = 2*b**3 + 4 - b**3 + 5 - 9*b**2. Let a be (10 - 1)/((-8)/(-8)). List the prime factors of l(a).
3
Let x = 387 - 359. What are the prime factors of x?
2, 7
What are the prime factors of (4 + -13 + 4)*-454?
2, 5, 227
Let n(v) = 11*v - 218. List the prime factors of n(27).
79
Suppose 5*g + 5*a - 3175 = 0, -3*g = -0*a - 3*a - 1923. What are the prime factors of g?
2, 11, 29
Let t = 1858 + 452. What are the prime factors of t?
2, 3, 5, 7, 11
Suppose -4*l - 583 + 7987 = -5*k, 5*l + k - 9284 = 0. What are the prime factors of l?
2, 29
Let o(r) = 4*r + 10. Let d be o(-10). Let m = 11 - d. List the prime factors of m.
41
Suppose 2*x = -x + 276. Let z = 82 + x. List the prime factors of z.
2, 3, 29
Let v(a) = a + 28. Let t(n) = -2*n - 42. Let d(j) = -5*t(j) - 8*v(j). List the prime factors of d(10).
2, 3
Let q = -86 - -184. Let z = q - 168. What are the prime factors of ((-168)/z)/((-1)/(-15))?
2, 3
Let q = 3 - -1. Suppose -k = -5*k + q*v + 64, -4*k = -v - 64. Suppose c = 1 + k. What are the prime factors of c?
17
Suppose -4*q - 5*n + 4793 = 1608, -5*q = 2*n - 3994. List the prime factors of q.
2, 5
Let a(x) = -2*x**3 + x**2 - 5*x - 4. Suppose 0 = -10*o + 5*o - 15. Let u be a(o). Suppose i = -2*m + 50, 0*m - 2*i = 3*m - u. What are the prime factors of m?
2, 13
Let u(v) = -v**3 - 9*v**2 - 10*v - 7. Let o be u(-8). Let g be (-3)/o*(4 - 10). Suppose g*p = -2, 4*y + 2*p = -p + 13. List the prime factors of y.
2
Let d = -11 + 59. Let i be (-6)/(-4)*d/9. Suppose 0*f = -2*f + 5*m - 6, 0 = -2*f - 2*m + i. What are the prime factors of f?
2
Let d(l) = 464*l + 33. List the prime factors of d(3).
3, 5, 19
Let l(o) = o**2 + 9*o + 14. Let p(d) = d**2 + 10*d + 5. Let v be p(-8). Let j be l(v). Suppose 4*g - 3*g = j. What are the prime factors of g?
2, 3
Let k = 13 + -13. Suppose k = 4*v - i - 11, 3*i + 2*i = -v - 13. List the prime factors of v/9 + 106/9.
2, 3
Let b(g) = 120*g - 280. List the prime factors of b(15).
2, 5, 19
Let t be (-6)/7 - 2/14. List the prime factors of ((t - 2) + 4)*36.
2, 3
Let l(g) = 6*g**2 + 21*g + 5. List the prime factors of l(4).
5, 37
Let k(q) = -5*q + 1. Let o be k(4). Let b = o - -23. Suppose 2*j + b*t = 8, 2*t = -j + t + 7. What are the prime factors of j?
2, 5
Let k = 62 - -126. List the prime factors of k.
2, 47
Let f = 78 + -76. Suppose 6*o + 272 = 3*h + 7*o, 2*o + f = 0. List the prime factors of h.
7, 13
Let y be -1 - (-1)/((-2)/(-14)). Suppose f + 125 = y*f. List the prime factors of f.
5
Suppose 4*f + 251 = 1527. Suppose -2*q + 5*l = -q - 101, f = 3*q + l. Suppose 0 = -4*s + 10 + q. What are the prime factors of s?
29
Suppose 5 = -5*l, l - 2*l - 37 = 3*v. Suppose 4*a + 2*s = 5*s - 20, 4*s - 22 = 3*a. Let h = a - v. List the prime factors of h.
2, 5
Let g be 4/(-18) - (-41210)/117. Let c = 499 - g. List the prime factors of c.
3, 7
Suppose 2*z + 218 = 3*z. What are the prime factors of z?
2, 109
What are the prime factors of (-1)/(-7) - (-102762)/231?
5, 89
List the prime factors of 9854/11 + 97/(-11) + 9.
2, 7
Suppose 7*t - 1107 = 265. List the prime factors of t.
2, 7
Suppose 67 + 50 = i. Suppose i = w - 2*w. Let n = -44 - w. List the prime factors of n.
73
Let p = 1535 + 851. List the prime factors of p.
2, 1193
Let u = -35 - -664. What are the prime factors of u?
17, 37
Let x(k) = 12*k**2 + 47*k + 24. List the prime factors of x(-15).
3, 673
Suppose 50 = 4*a + 2*q, q = -a - 0*a + 10. Suppose -a = -3*l - 3. Suppose -l*b + 1 = -79. List the prime factors of b.
2, 5
Let o be (6/(-4))/((-21)/196). Suppose l - 3*l = o. What are the prime factors of -26*2*l/7?
2, 13
Let c(v) = 6*v**2 - v. Let q(g) = g**3 + 8*g**2 - g - 5. Let j be q(-8). What are the prime factors of c(j)?
3, 17
Let j(n) = 105*n**2 + 9*n. List the prime factors of j(-2).
2, 3, 67
Suppose -1370 = -0*g - 5*g. What are the pr